 u(g) = -g**2 - 22*g - 16. Let i be u(-14). Suppose 13*r + i = 5*r. What are the prime factors of (2 - 1) + r + 89?
2, 3, 13
Suppose 6*c + 3780 + 4267 = j, 2*c = -3*j + 24081. List the prime factors of j.
7, 31, 37
Let c(p) = 476*p**2 + 344*p + 685. List the prime factors of c(-2).
1901
What are the prime factors of -15 + 23 + 5 + 1411?
2, 89
Suppose -k - 36 = -5*b - 143, -5*k - 59 = 2*b. Let w(x) = 27*x - 2. Let j(d) = 108*d - 8. Let v(o) = b*w(o) + 6*j(o). What are the prime factors of v(1)?
2, 5
Let p(v) = -v**3 + v**2 + v + 184. Let u = 30 - 30. Let a be p(u). Suppose 7*x + x = a. What are the prime factors of x?
23
Suppose 6*q = 44464 + 46793 - 15963. What are the prime factors of q?
3, 47, 89
Suppose -2*q + 5*f + 37020 = 0, -741*f - 37028 = -2*q - 738*f. List the prime factors of q.
2, 5, 463
Let b(s) = s**3 + 41*s**2 + 40*s + 113. What are the prime factors of b(-34)?
5, 37
Let t(j) = 2*j + 98. Let u be t(12). Let d = u - 60. What are the prime factors of d?
2, 31
Let a(y) = -4*y + 2. Let b be a(0). Suppose b*d = -d + 813. List the prime factors of d.
271
Let m(a) be the second derivative of -a**5/20 + 5*a**4/3 + 7*a**3/2 + 6*a**2 + 13*a. Let c be m(21). Suppose c*f = 11*f + 35. What are the prime factors of f?
5, 7
Let n = -109 - -74. Let f(v) = -19*v + 174. List the prime factors of f(n).
839
Let h(a) = 3*a**2 + 3*a + 6. Let t be h(20). Let n = t - 382. Suppose 0 = 17*v - 4*v - n. What are the prime factors of v?
2, 17
Let s(k) = 1650*k - 1673. List the prime factors of s(4).
13, 379
Let x = 149756 + -78390. What are the prime factors of x?
2, 17, 2099
Let d(l) = -3*l**3 - 7*l**2 + 10*l + 20. Let o be d(-7). List the prime factors of -6*(o/(-18) + -2).
2, 7
Suppose 2*y = -2*y + t - 381, 3*y - 2*t = -282. Let p be (-1)/6 + (-103024)/y. Suppose -8*z + p = 57. List the prime factors of z.
127
Let b(r) be the first derivative of r**3/3 + 14*r - 3. Let y = -1094 - -1105. What are the prime factors of b(y)?
3, 5
Let b = -4155 - -12399. What are the prime factors of b?
2, 3, 229
Let p = -128 + 229. Let g = 114 - p. What are the prime factors of g?
13
Suppose 4*x - 428 = 2*d, 6*x - 427 = 2*d + 3*x. Let o = 355 + d. Suppose 0 = -l - 4*m + o, -5*m - 123 + 412 = 2*l. List the prime factors of l.
3, 7
Suppose 2*p - 5*l - 32 = 35, p + 2*l = 29. Let t = -28 + p. Suppose t*r - 380 = -2*r. What are the prime factors of r?
2, 19
Let y(b) = 69*b**3 - 35*b**2 + 23*b - 45. What are the prime factors of y(9)?
2, 3, 7
Let u(d) = -8903*d - 336. What are the prime factors of u(-1)?
13, 659
Suppose -146 = -3*y + q - 0*q, 184 = 4*y + 4*q. Suppose 4*o = -20 + y. Suppose w - 3*h = 39, -5*w + o*h + 205 = 2*h. List the prime factors of w.
2, 3, 7
Let f = 74 + -105. Let a = 34 + f. Suppose 4*y + 56 = -0*i + i, 0 = -a*i - 4*y + 232. What are the prime factors of i?
2, 3
Suppose 0 = -18*k + 146752 + 94437 + 13817. List the prime factors of k.
31, 457
Let s = -92 - -92. Suppose 0 = -n + 3*c + 267, s - 5 = -c. What are the prime factors of n?
2, 3, 47
Let d(t) = 11*t - 30. Suppose m + 2*i + 0*i + 14 = 0, -5*m + i = 15. Let o be d(m). Let x = o - -90. List the prime factors of x.
2
List the prime factors of 191054/16 - 154/(-1848)*6/4.
11941
Suppose -r + 2*r + 4*n = -2, 5*n = 3*r - 28. Let k be (30/20)/(1/r). Suppose -14*p + k*p + 360 = 0. List the prime factors of p.
2, 3
Let y = -100 - -106. Suppose 0 = -y*m - 63 - 105. Let d = m - -71. What are the prime factors of d?
43
Let f = 34 + -22. Let r(m) = m**2 - 10*m - 20. Let y be r(f). List the prime factors of (2/y)/(6/(-36)) - -113.
2, 5, 11
Let x(z) = 11*z**2 - 136*z - 3651. What are the prime factors of x(-30)?
3, 11, 313
Suppose 7*o = 4*o + 429. Let r = 260 - o. Let n = r - 67. What are the prime factors of n?
2, 5
Let l = 482 + -146. What are the prime factors of -6 + (l - -3 - -3)?
2, 3, 7
Let m = 3658 - 1929. List the prime factors of m.
7, 13, 19
Suppose -3605394 = -88*g + 876974. List the prime factors of g.
2, 6367
Let k be (-9)/(-6)*(-8)/12 - 2. Let a be k/(-9) + (-3 - 1852/(-6)). Suppose 144 = 5*l - a. List the prime factors of l.
2, 3, 5
What are the prime factors of 1 + 2 + (-1 - -15)/(306/136935)?
2, 1567
Let d = 1113 - -25302. What are the prime factors of d?
3, 5, 587
Let j be 13078/(-3)*(-14 - (-5 + -6)). Suppose 12*d - j = 5618. List the prime factors of d.
2, 19, 41
Let r(y) be the third derivative of -y**5/60 - 5*y**4/24 - 11*y**3/6 - 16*y**2. Let f be r(-4). What are the prime factors of (7/f*14)/(2/(-20))?
2, 5, 7
Let r(q) = -2*q**2 + 69. Suppose 10 = -w - 2*w + 2*g, 0 = w - 5*g + 25. Let z be r(w). Let d = z - 7. What are the prime factors of d?
2, 31
Suppose -q - 2*h = -2*q + 7, -2*q + 2*h = -10. Let s(j) = 8 - q*j**3 + 1 + 4*j**3 - 14*j**2 + 7 + 5*j. What are the prime factors of s(14)?
2, 43
Suppose -42 = -4*l - 3*l. Let i(d) = d**3 - 5*d**2 - 11*d + 34. Let v be i(l). What are the prime factors of (-5 + v)/(4/(-544))?
2, 17
Suppose -19*g + 1 + 75 = 0. Suppose 2*b - j = 64 + 90, 8 = -g*j. What are the prime factors of b?
2, 19
Let c = 117 - -283. Suppose 137 - c = -5*f + 4*q, q = f - 52. What are the prime factors of f?
5, 11
Suppose 0 = -3*s + 4*s - 2*f - 56214, 281078 = 5*s - 2*f. List the prime factors of s.
2, 7027
Let m = 109 - 101. Let w = m - 75. What are the prime factors of (w/(-2))/(3/24)?
2, 67
Let a be ((-28)/(-8) - -1)*52/6. Let b = 43 - a. Let z(w) = 12*w - 22. List the prime factors of z(b).
2, 13
Suppose -5*z = -5*y - 90, 0 = -2*z - 2*y + 11 + 13. List the prime factors of (1932/115)/((-12)/z - -1).
2, 3, 7
Let k(z) = -27*z - 38. Let u(i) = -i**2 + 18*i - 25. Let o be u(16). Suppose 50 = -o*b + 1. List the prime factors of k(b).
151
Let m = -1954 - -6531. What are the prime factors of m?
23, 199
Let k(t) be the second derivative of -25*t**3/3 + 246*t. What are the prime factors of k(-2)?
2, 5
Suppose 10*j - 6*j = j. Suppose j = 4*m - 5*w - 16, m - 5*w - 4 = -0. Suppose -5*y = -0*y - 3*c - 26, 34 = m*y + 2*c. What are the prime factors of y?
7
Suppose 15*z + 5278 = 18*z - l, -2*z + l + 3519 = 0. Suppose 69 - z = -2*u. List the prime factors of u.
5, 13
Let b = 100802 - 5840. What are the prime factors of b?
2, 3, 7, 17, 19
Let u = 9004 + 1609. List the prime factors of u.
10613
Let h(j) = 4*j - 1. Let b(a) = -4*a. Let p(w) = -w**2 + 2*w + 5. Let d be p(0). Let i(x) = d*h(x) + 4*b(x). List the prime factors of i(4).
11
Let a(k) = -977*k - 3175. What are the prime factors of a(-61)?
2, 28211
Let j = -3217 - -3216. Let d(t) = -49*t**2 - 3*t + 4. Let x(u) = 50*u**2 + 2*u - 3. Let z(i) = 2*d(i) + 3*x(i). What are the prime factors of z(j)?
3, 17
Let b = -3605 - -6084. List the prime factors of b.
37, 67
Let o = 35 - 31. Let q(g) = 0 - o + 3*g**2 + 3 - g - 14*g**3 + 63*g**3. List the prime factors of q(1).
2, 5
Suppose 4*p = -3*o + 1312, 4*o - p = 1821 - 40. Suppose -b - 112 = -2*b - j, 4*b - o = -3*j. List the prime factors of (12/2)/(12/b).
2, 3
Let t = -11619 - -17821. What are the prime factors of t?
2, 7, 443
Let i be 2 - (-4 - (-4 + 0)). Let a = 21 - 14. What are the prime factors of (-8 - a)*(-4)/i?
2, 3, 5
What are the prime factors of -6 + (-208)/(-34) + 739928/119?
2, 3109
Suppose 7*b - 56 = 63. Suppose 1119 + 71 = b*f. What are the prime factors of f?
2, 5, 7
Let n = -51 + 425. Suppose 31642 = -139*w - 8048 + 8832. Let b = n + w. List the prime factors of b.
2, 19
Suppose -3*i - 5*c + 5739 = 0, 145*i + 3*c - 1909 = 144*i. List the prime factors of i.
2, 7, 137
Suppose 30*a - 32*a - 60 = 0. Let q = a - -29. What are the prime factors of 18/(-135) - (q + 3094/(-30))?
2, 13
Let s be (-6 - -354)*(-8)/(-12). Suppose 3*d + s = 2*d. Let a = -142 - d. What are the prime factors of a?
2, 3, 5
Let u(g) be the second derivative of 1/20*g**5 - 5/2*g**2 + 0 + 5/2*g**3 - 2/3*g**4 - 10*g. What are the prime factors of u(6)?
13
Let l = -2 - -10. Suppose 0 = -l*b + 53 + 35. Let q = b + 33. List the prime factors of q.
2, 11
Let x be (-1)/3 + (-100518)/18*-1. Suppose -12*t = 4*t - x. List the prime factors of t.
349
Let q be (-964)/(-3) + (-3 - (-56)/21). Suppose q = 3*z - 5*g + 60, 3*g = 0. What are the prime factors of z + (-3 - -1) - -2?
3, 29
Let h(d) = -2*d + 8. Let l be h(4). Suppose -4*n = -12, -4*w + n - 2*n + 2107 = l. What are the prime factors of w?
2, 263
Suppose -4*j + 8 = 